mon factor of x and 23.
23
Suppose 2*m - 4*i = 381 + 659, 2624 = 5*m - 4*i. Suppose -5*d = -3*j + 149, d - 3 = -4. What is the greatest common factor of m and j?
48
Let u(m) = 3*m**3 - 6*m**2 + 13*m - 28. Let x be u(4). Let y be 6 + -4 - (-1 - 21). Calculate the highest common divisor of x and y.
24
Let h = 3 + -2. Suppose 4*o - 11 - h = 0. Suppose -o*f - 3 = -4*f. Calculate the highest common factor of f and 12.
3
Suppose -3*u - 2*x = -7*x - 109, 0 = 4*x + 8. What is the highest common divisor of u and 1617?
33
Suppose o - 2*a = 11, 9*o + 2*a = 4*a + 83. Let q = -43 + 79. Calculate the highest common divisor of q and o.
9
Suppose 3*x = 319 + 41. What is the greatest common factor of 15 and x?
15
Let k = 702 - 594. Calculate the greatest common divisor of k and 81.
27
Suppose -4*q - 57 = -3*s - 14, 2*s - 3*q = 28. What is the greatest common factor of s and 1037?
17
Let h be 0/(-2) + (-308)/(-2). Let n = -2045 - -2059. Calculate the greatest common factor of h and n.
14
Let f be 4*(-4)/(-16) + 1. Let s = -8 - -5. Let g be (-2)/6*s*5. Calculate the greatest common factor of g and f.
1
Let q = 288 - 63. What is the highest common divisor of 27 and q?
9
Let h be ((-5)/10)/(3/(-12)). Let a(c) = c**2 + 5*c + 1. Let w be a(h). What is the greatest common divisor of w and 75?
15
Let p be 0 - (-2 - -1 - 21). Suppose -2*a - 3*c + 36 = a, 4*c - p = -2*a. Let u be a + -1 + (-12)/4. What is the greatest common divisor of u and 81?
9
Suppose 3 = b, 23*b + 181 = 5*f + 25*b. What is the greatest common divisor of 10 and f?
5
Let f(p) = -3*p**3 - 4*p**2 - 9*p - 10. Let x be f(-5). What is the greatest common divisor of 90 and x?
10
Let v be (221 - (1 - 1)) + (300 - 305). What is the highest common divisor of 270 and v?
54
Let l(i) = 143*i + 89. Let y be l(3). Calculate the greatest common factor of 14 and y.
14
Suppose 0 = -94*b + 88*b + 18. Calculate the highest common divisor of b and 37.
1
Let y(x) = 5*x - 26. Let n be y(9). Let r be (-1668)/(-22) - (-10)/55. Calculate the highest common factor of n and r.
19
Let f be -4*(-26)/16*2*24. What is the highest common divisor of 24 and f?
24
Let i(h) be the third derivative of h**6/120 - 2*h**5/15 + h**4/3 + 2*h**3/3 + 3*h**2. Let u be i(7). Calculate the highest common divisor of 33 and u.
11
Let r(g) = 2*g**2 + g + 2. Let k(j) = -6*j**2 - 3*j - 7. Let v(n) = -4*k(n) - 11*r(n). Let p be v(-2). Calculate the highest common divisor of p and 16.
4
Suppose 58 = -10*a + 12*a. Let n = 117 - a. Calculate the highest common divisor of n and 22.
22
Let o be 214 + (3 - -13)/(-4). Suppose 10*r = -0*r + o. Suppose -4*z + 2*d + 64 = 0, 4*z - 3*z + d = 10. Calculate the highest common divisor of z and r.
7
Let l = 1012 + -926. Calculate the highest common factor of l and 43.
43
Suppose -g - 40 = 4*g. Let a = 13 + g. Suppose 3*v - 41 = -a*l, 2*l - l = 3*v - 53. Calculate the highest common divisor of v and 187.
17
Suppose -6*a + 5*u + 473 = -3*a, 3*a = -2*u + 466. Calculate the greatest common divisor of 13 and a.
13
Suppose 2*v + 2*y - 938 = -3*v, 0 = -5*y + 20. Suppose j - r - r = v, 12 = -4*r. What is the greatest common divisor of j and 20?
20
Let r be (-1 - 7/(-5))*-10. Let h be 22 - -2 - 12/r. Calculate the highest common factor of 18 and h.
9
Let k = 38 - 16. Let s = -7 + k. Calculate the highest common factor of s and 3.
3
Let q = 11 - -88. What is the highest common divisor of q and 11?
11
Let u(a) = -24*a + 51. Let b be u(2). Calculate the highest common factor of b and 111.
3
Suppose 2469 = 41*r - 2779. Calculate the highest common factor of 224 and r.
32
Suppose 3*y = -y - 8. Let q = y - -2. Suppose q = 6*s - 4*s, -2*m = 5*s - 48. What is the highest common factor of 24 and m?
24
Let h = 6 + -4. Suppose -5 = h*v - 31. Let j(t) = -6*t**2 - 152*t + 15. Let i be j(-25). What is the greatest common divisor of v and i?
13
Suppose -d + 0*d = -3*h - 237, 3*h + 234 = 2*d. Let u = 90 + h. Calculate the highest common divisor of u and 4.
2
Suppose 0 = 7*h - 182 - 28. Calculate the greatest common factor of 210 and h.
30
Let i(y) = -8*y**3 - y**2 - y - 1. Suppose 4 + 0 = -2*x. Let z be i(x). Suppose 5*k + 0*w - z = 2*w, -5*w = -10. What is the highest common factor of k and 26?
13
Suppose -2*i + 78 = -8*i. Let g = -9 - i. What is the greatest common factor of 16 and g?
4
Let h = -21 - -30. Let i = -12 - -18. Suppose -y - 135 = -3*s, 4*s - i*y = -y + 180. Calculate the greatest common factor of h and s.
9
Suppose 4*r - 3*g - 4 = -0*g, -3*r = -3*g. Let t be 8/(-36) - (-83)/9. Let q be ((-3)/t - 1)*-21. What is the highest common factor of r and q?
4
Let v(f) = -f**2 + 4*f + 6. Let u be v(6). Let c(z) = z**2 + 8. Let r be c(u). Let d be (-2 + (-7)/2)*-2. What is the greatest common divisor of r and d?
11
Suppose 5*m = 4*m + 2, -4*m = -5*q - 28. Let w be (-2)/(q + 4 + 1/(-6)). What is the greatest common factor of w and 24?
12
Let u = 84 + -72. Let l(s) = s**3 - 2*s**2 - 5*s - 2. Let x be l(5). Suppose 96 = 4*y - x. Calculate the highest common divisor of u and y.
12
Suppose 3*y + z - 15 = 0, y - 2*y = -4*z + 8. Suppose y + 23 = w. Let x be 322/6 + (-2)/(-6). What is the greatest common divisor of w and x?
27
Let j(y) = 89*y + 32. Let f be j(7). Calculate the highest common divisor of f and 5.
5
Suppose -30 - 6 = -2*x. Suppose -5*j = -i - 17, 4*j + 4*i - 5 = -1. Suppose -w - 75 = -4*b, -w - j*w + 6 = b. Calculate the highest common divisor of b and x.
18
Let j be (-2 - 33)*2/(-5). Let d be 444/j + 8*(-1)/(-28). Calculate the greatest common divisor of d and 8.
8
Let k = 404 - 316. Let g be (8/5)/((-2)/(-10)). What is the highest common divisor of k and g?
8
Let m be ((-3)/(-2))/((-4)/(-40)*-1). Let f = m + 41. Calculate the highest common divisor of 65 and f.
13
Let s be (-2)/3 - (-11)/3. Let j be (-240)/36*s/(-2). Suppose 2*h + 4*i - 24 = 0, -j = h - 2*h - 3*i. What is the greatest common factor of h and 112?
16
Let n = 725 - 692. Let u be (-14)/(-6) + 3/(-9). Suppose u*m - 7*m + 55 = 0. What is the greatest common divisor of m and n?
11
Let f be (-1 - -2)*(-2 - -51). Suppose -3*q = 3*r - 186, -4*r - 10*q + 5*q + 252 = 0. Let d = r + -51. Calculate the greatest common factor of d and f.
7
Suppose 16463 = 14*c - 1429. What is the highest common divisor of c and 18?
18
Suppose 26 = -0*a + a - m, 4*a - m - 89 = 0. Suppose 0 = 9*g - 17*g + 1176. Calculate the greatest common factor of g and a.
21
Let r = 768 + -666. What is the greatest common factor of 1122 and r?
102
Let s be ((-42)/(-63))/(-3*(-4)/90). Suppose -y - 19 - 58 = -5*u, s*u - 5*y = 85. What is the highest common factor of u and 15?
15
Suppose 5*z - 9 = -4*b, b + 2*z - 5*z = -2. Let m be 1/b + (7 - 6). Suppose -2*l = -m - 6. Calculate the greatest common factor of l and 20.
4
Let u = -13 - -21. Suppose 0 = -59*k + 60*k + 24. Let d be (-174)/k + 6/u. What is the greatest common factor of d and 12?
4
Let z(n) = 3*n**2 - 1. Let p be z(1). Suppose 3*r = p*r + 16. Suppose -4*o - 3*x = -561, 4*x = -2*o - x + 263. What is the highest common factor of r and o?
16
Let p = 22 + -15. Suppose -4 + 60 = u. What is the greatest common divisor of p and u?
7
Suppose 3*k = -57 - 66. Let p = 162 + k. Calculate the greatest common divisor of p and 11.
11
Let o(j) = j**2 + 4*j - 20. Let v be o(4). What is the greatest common divisor of 66 and v?
6
Let i be (-2)/(-3)*36/8. Let t be i + (50 - (2 - 5)). Suppose 3*p = 2*f - 4 + 36, 2*p + 5*f + 4 = 0. Calculate the highest common factor of t and p.
8
Let m = 90 + 5. Let t = 171 - m. Calculate the greatest common factor of 19 and t.
19
Let x(p) = p**3 + 5*p**2 + 2*p + 4. Let c be x(4). Calculate the highest common factor of 12 and c.
12
Let t = 212 + -211. Let w = 21 + -10. What is the greatest common divisor of w and t?
1
Let a(s) = s**3 + 7*s**2 + 8*s + 3. Let x be a(-6). Let l be 4*(-21)/x*(-18)/(-12). Calculate the greatest common divisor of l and 14.
14
Let r be (-8)/324 - (-59950)/405. Suppose 3 = 3*g - 108. What is the highest common divisor of r and g?
37
Suppose -9*v + 164 = -5*v - 5*w, 5*w = -2*v + 52. Let g be 1 + (-3)/((-3)/11). Calculate the highest common divisor of g and v.
12
Let w(l) = 8*l - 22. Let g be w(3). Suppose 3*u - 64 - 43 = -g*n, -2*n + 181 = 5*u. Calculate the greatest common divisor of u and 148.
37
Let q(x) = 